est common factor of g and 171?
19
Let w = 4166 + -2190. What is the greatest common factor of w and 38?
38
Let o = -58 - -33. Let g be 402/15 + (-5)/o. Let y be (-16)/(-36)*g/6. Calculate the highest common divisor of y and 2.
2
Suppose 0 = -93*d + 27*d + 10362. What is the greatest common divisor of d and 1256?
157
Suppose -d + 1291 = 4*c, -3*d + c + 1403 = -2535. Calculate the greatest common divisor of 161 and d.
23
Let w(t) = -6*t + 29. Let f be w(0). Suppose 86 = 5*l - f. Calculate the greatest common factor of 230 and l.
23
Suppose 0 = 3*v - 4*q - 22, 4*v + 8 = -19*q + 15*q. What is the greatest common divisor of v and 334?
2
Suppose 17*x = -23*x + 2*x + 2394. What is the highest common divisor of 2043 and x?
9
Let w be ((-3)/60*-10)/((-1)/(-12)). Let v(n) = 111*n + 41. Let o be v(w). What is the greatest common divisor of 202 and o?
101
Let s(a) = 9 - 9*a - 10 + 108. Let o be s(5). Calculate the highest common factor of 62 and o.
62
Let m = 63 - 46. Suppose -14*d = -m*d - 21. Let u be (2 + d + -31)/(1 - 2). What is the highest common divisor of 48 and u?
12
Let z be 550/(-66)*(-8 + 5). Calculate the greatest common divisor of z and 920.
5
Suppose g + 35 = 2*h - 90, -h + 5*g + 58 = 0. Let c be (-2)/3 + (-88)/(-6). What is the greatest common divisor of h and c?
7
Suppose -4*j - 37 + 284 = 3*f, 5*f - 402 = 3*j. Suppose 29*w = 4548 - 633. What is the highest common divisor of w and f?
27
Let h = 6352 - 6317. Calculate the highest common divisor of h and 287.
7
Let d = -152 + 164. Let p be ((9/(-4))/(d/64))/(-2). Calculate the greatest common factor of p and 66.
6
Let y be ((-81)/(-6))/(44/968). Calculate the highest common factor of y and 2403.
27
Let j be 20*((-96)/(-20))/(-4). Let u = -21 - j. Let x be (138/10 - u)*5. Calculate the highest common factor of 6 and x.
6
Suppose -6*z + 3*z = -9, z + 37 = 2*s. Let y be 3/15 + 8/s*62. What is the greatest common divisor of y and 50?
25
Suppose -5*y = -0*y + 195. Let i = y + 89. Let x be 560/420 - 78/(-9). What is the greatest common divisor of i and x?
10
Let b be (-22)/33*((-1)/(-1) - 7). Suppose 4*f + q - 103 = 23, 0 = f - b*q - 40. Let g be 6*(10 + 4/f*4). Calculate the highest common divisor of g and 7.
7
Suppose 15*t - 1393 - 1742 = 0. What is the greatest common factor of t and 27379?
209
Suppose 48071*d = 48053*d + 198. Calculate the highest common factor of 131 and d.
1
Suppose -4*d + 6*p = 3*p - 1002, -3*p = d - 258. What is the greatest common factor of 441 and d?
63
Suppose 126*f + 205*f - 4356 = -32*f. Suppose -2*p + 5*o = -5, 3*o + o + 4 = -p. Let u be (2 + p/(-2))*18. Calculate the highest common divisor of u and f.
12
Suppose -36 = -2*t - 2. Let m(w) = -25*w + 5 + 28 + 23*w + 7. Let q be m(t). Calculate the highest common factor of 2 and q.
2
Let n(s) = 23*s - 221. Let g be n(10). Suppose -g*y = -38*y + 7917. What is the highest common divisor of 21 and y?
21
Suppose 142 = 9*f + 79. What is the greatest common factor of 1841 and f?
7
Let w = -3015 + 3143. Calculate the highest common divisor of 8 and w.
8
Let v = 261 - 266. Let g be v + 414/12*2. What is the highest common divisor of g and 80?
16
Let n be -3 - (7/((-77)/55) - -1). Let o(q) = -2*q**2 + 3 + 3*q - 4*q + 6*q**3 + 8*q**3. Let a be o(n). What is the highest common divisor of a and 14?
14
Let g(b) = -4*b**3 - 3*b**2 - b + 1. Suppose -2*h = -2*p + 10, 3*h + 3 = p - 4. Let n be g(h). What is the highest common factor of n and 219?
3
Let w = 1521 - 1507. Let t be 644/6*(1 - -2). What is the highest common factor of w and t?
14
Let a = -11450 + 16269. Calculate the highest common factor of 79 and a.
79
Let q = 94 + -764. Let y = 1156 + q. Calculate the greatest common divisor of y and 18.
18
Suppose -2779 = -5*v - 5*l + l, -3*v + 3*l = -1662. What is the highest common factor of v and 1332?
111
Suppose 5*d + 72*r - 68*r = 2076, 0 = -2*r - 12. What is the highest common factor of 75 and d?
15
Suppose 2*p - 5*z - 39 = -2*p, -5*z + 73 = 3*p. Suppose w + 2*k = 49, -p = -3*w - k + 156. Calculate the greatest common factor of w and 767.
59
Suppose -12 + 40 = r. Let j be (3 - 2 - 4)/(6/(-32)). Let u(d) = d + 26. Let f be u(j). Calculate the greatest common factor of f and r.
14
Suppose 14*t - 2752 = 6*t. Let i be t/129*3/2. What is the greatest common divisor of i and 56?
4
Let k(b) = 23*b - 56. Suppose -33 = -17*p + 86. Let n be k(p). What is the highest common divisor of n and 140?
35
Let j = -18 + -34. Let m = j + 48. Let v be 6/m*((-116)/12 + -5). What is the highest common factor of v and 33?
11
Let p(a) = a**2 + 3*a + 1. Let j be p(1). Suppose -37 = -r + 5*f, -5*r + j*f = 7*f - 131. Calculate the greatest common divisor of 54 and r.
27
Suppose 2*j - 88 = -2*j. Suppose -2*h + 2*x + 6868 = 1008, -2*x - 8786 = -3*h. Suppose -7*t - 31*t = -h. What is the highest common divisor of j and t?
11
Suppose 65*b - 25*b - 1800 = 0. Let k = 189 + -171. Calculate the greatest common factor of b and k.
9
Let h(y) = -2*y**2 - 24*y - 33. Suppose 50 = -5*g + 5*a, -11*g + 4*a - 50 = -6*g. Let n be h(g). What is the greatest common divisor of n and 301?
7
Suppose -o + 69 = 75. Let z be 29*(-2)/12*o. Calculate the greatest common divisor of 87 and z.
29
Let b be (-1548)/(-10) - 3/(-15). Suppose -3*n - 3*o - 61 = -100, -3*n + 27 = -o. What is the greatest common factor of b and n?
5
Suppose o + 3*v - 44 = 0, -3*o - v = 2*v - 108. Suppose -4*s + o = 4*q - q, -4*s = q - 24. What is the highest common divisor of s and 275?
5
Let p be ((-292)/12 + -5)*315/(-10) + -4. What is the highest common factor of p and 3910?
230
Let k(u) = -29*u**3 - 4*u**2 - 10*u - 15. Let a be k(-2). Suppose p - a = -5*h, -49 = -h - 30*p + 25*p. What is the greatest common factor of h and 209?
11
Suppose -12*l = -3*l. Let y(g) = -1 + 0 - 1 - 4*g**2 + 18. Let x be y(l). Calculate the highest common factor of x and 40.
8
Suppose -34*g + 59322 = -17*g - 5771. Calculate the highest common factor of g and 21.
7
Let h be 224/22 - (-14)/(-77). Suppose -p - 8 = -h. Suppose -4*m - i + 3*i + 36 = 0, -3*i - 22 = -p*m. What is the highest common divisor of 88 and m?
8
Let v = -262 + 265. Let y be (-11)/((21/(-14))/v). What is the greatest common factor of 11 and y?
11
Let m(p) = p**3 - 15*p**2 + 28*p - 78. Let c be m(14). What is the greatest common factor of 32 and c?
2
Suppose -3 = -3509*u + 3508*u, k - 134 = -2*u. Calculate the greatest common divisor of k and 29504.
64
Let x(f) = -5*f**2 - 57*f + 12. Let l be x(-11). Suppose 0*n + l = n. What is the greatest common factor of 34 and n?
34
Let a(k) = 1398*k**2 - 161*k - 73. Let o be a(4). What is the highest common factor of o and 21?
21
Suppose 5*v = -2*w + 14339, 27*v = 25*v - 5*w + 5744. What is the highest common factor of v and 94?
47
Suppose 1633 - 73 = 2*p. Suppose 5*b + p = 31*b. Calculate the highest common divisor of b and 6.
6
Let m = -2541 + 3737. What is the greatest common factor of 572 and m?
52
Let i be (-33 - -133)/25 + (0 + 0 - -11). What is the highest common divisor of 3945 and i?
15
Let v = 4321 + -4306. Calculate the highest common divisor of 1920 and v.
15
Let j be (-14)/(-2)*99426/1589. Calculate the highest common divisor of j and 48.
6
Let f be ((-62489)/(-112) - 8) + (-4)/(-64). Calculate the highest common factor of f and 198.
22
Suppose 10*x - 43329 = -87*x - 4*x. What is the greatest common factor of x and 1419?
33
Let p be (18 - (-1143)/(-18))*4/(-14). Calculate the greatest common factor of p and 104.
13
Suppose -57*l + 56*l = -5. Suppose -3*j = -2*m - 1, 0 = -l*m + 10 - 5. What is the highest common divisor of 59 and j?
1
Let q be 59/((-590)/(-86520)) + 19. What is the greatest common divisor of 897 and q?
299
Let k(r) = -r**3 - 6*r**2 + 17*r + 11. Let h be k(-8). Let o be 0 - (-1375)/15 - (-4)/h. Let g = -85 + o. Calculate the highest common divisor of 36 and g.
4
Suppose 12*g + 77*g - 29192 = 0. Calculate the greatest common divisor of g and 5084.
164
Let q be ((-13)/3)/(6/(2 - -88)). Let d = -65 - q. Suppose d = 2*x - 16 - 16. Calculate the highest common factor of x and 16.
16
Suppose 12*z = 369 - 1053. Let r be (z/2)/((20/4)/(-10)). What is the highest common factor of 6 and r?
3
Let g(f) = -f**3 + 24*f**2 + 48*f - 497. Let l be g(25). Calculate the highest common divisor of l and 1898.
26
L